{"id":805,"date":"2018-01-04T10:50:42","date_gmt":"2018-01-04T10:50:42","guid":{"rendered":"http:\/\/burgspiele-altleiningen.net\/?page_id=805"},"modified":"2018-02-23T18:38:09","modified_gmt":"2018-02-23T18:38:09","slug":"2013-tartuffe","status":"publish","type":"page","link":"https:\/\/burgspiele-test.net\/?page_id=805","title":{"rendered":"2013 &#8211; Tartuffe"},"content":{"rendered":"<h3 align=\"center\"><span class=\"style10\">&#8222;Tartuffe&#8220;<\/span><\/h3>\n<p style=\"text-align: center;\" align=\"center\"><em>(Kom\u00f6die von Moli\u00e8re)<\/em><\/p>\n<p>&nbsp;<\/p>\n<figure id=\"attachment_665\" aria-describedby=\"caption-attachment-665\" style=\"width: 300px\" class=\"wp-caption alignright\"><img loading=\"lazy\" decoding=\"async\" class=\"wp-image-665 size-medium\" src=\"https:\/\/burgspiele-test.net\/wp-content\/uploads\/2017\/12\/tartuffe-elmire-300x247.jpg\" alt=\"\" width=\"300\" height=\"247\" srcset=\"https:\/\/burgspiele-test.net\/wp-content\/uploads\/2017\/12\/tartuffe-elmire-300x247.jpg 300w, https:\/\/burgspiele-test.net\/wp-content\/uploads\/2017\/12\/tartuffe-elmire-328x270.jpg 328w, https:\/\/burgspiele-test.net\/wp-content\/uploads\/2017\/12\/tartuffe-elmire.jpg 500w\" sizes=\"auto, (max-width: 300px) 100vw, 300px\" \/><figcaption id=\"caption-attachment-665\" class=\"wp-caption-text\"><em>Elmire (Donja Reichert) beschwichtigt Orgon (Willy Hiebert). <\/em><\/figcaption><\/figure>\n<p>Tartuffe, ein charismatischer Prediger, nistet sich in einer braven b\u00fcrgerlichen Familie ein. Aber leider ist der fromme Mann gar nicht so fromm, wie man glauben mag&#8230;<\/p>\n<p>W\u00e4hrend Orgon, der Hausherr, ihn anhimmelt wie einen Guru, nimmt es der \u201eschein-heilige\u201c Geistliche selbst offenbar weder mit dem Armutsgebot noch mit dem Z\u00f6libat sonderlich genau.<\/p>\n<p>Er will alles \u2013 vor allem Orgons Frau Elmire! Zuletzt hat er es auch noch auf das Verm\u00f6gen seines ihm bedingungslos ergebenen Wohlt\u00e4ters abgesehen.<\/p>\n<p>K\u00f6nnen die vereinten weiblichen Kr\u00e4fte von Elmire und der Hausangestellten Dorine wenigstens das Schlimmste verhindern?<\/p>\n<p>[huge_it_slider id=&#8220;3 &#8222;]<\/p>\n","protected":false},"excerpt":{"rendered":"<p>&#8222;Tartuffe&#8220; (Kom\u00f6die von Moli\u00e8re) &nbsp; Tartuffe, ein charismatischer Prediger, nistet sich in einer braven b\u00fcrgerlichen Familie ein. Aber leider ist der fromme Mann gar nicht so fromm, wie man glauben mag&#8230; W\u00e4hrend Orgon, der Hausherr, ihn anhimmelt wie einen Guru,&hellip; <\/p>\n","protected":false},"author":2,"featured_media":0,"parent":71,"menu_order":0,"comment_status":"closed","ping_status":"closed","template":"","meta":{"footnotes":""},"class_list":["post-805","page","type-page","status-publish","hentry"],"_links":{"self":[{"href":"https:\/\/burgspiele-test.net\/index.php?rest_route=\/wp\/v2\/pages\/805","targetHints":{"allow":["GET"]}}],"collection":[{"href":"https:\/\/burgspiele-test.net\/index.php?rest_route=\/wp\/v2\/pages"}],"about":[{"href":"https:\/\/burgspiele-test.net\/index.php?rest_route=\/wp\/v2\/types\/page"}],"author":[{"embeddable":true,"href":"https:\/\/burgspiele-test.net\/index.php?rest_route=\/wp\/v2\/users\/2"}],"replies":[{"embeddable":true,"href":"https:\/\/burgspiele-test.net\/index.php?rest_route=%2Fwp%2Fv2%2Fcomments&post=805"}],"version-history":[{"count":8,"href":"https:\/\/burgspiele-test.net\/index.php?rest_route=\/wp\/v2\/pages\/805\/revisions"}],"predecessor-version":[{"id":1465,"href":"https:\/\/burgspiele-test.net\/index.php?rest_route=\/wp\/v2\/pages\/805\/revisions\/1465"}],"up":[{"embeddable":true,"href":"https:\/\/burgspiele-test.net\/index.php?rest_route=\/wp\/v2\/pages\/71"}],"wp:attachment":[{"href":"https:\/\/burgspiele-test.net\/index.php?rest_route=%2Fwp%2Fv2%2Fmedia&parent=805"}],"curies":[{"name":"wp","href":"https:\/\/api.w.org\/{rel}","templated":true}]}}