{"id":1769,"date":"2019-06-20T09:57:58","date_gmt":"2019-06-20T09:57:58","guid":{"rendered":"https:\/\/burgspiele-test.net\/?page_id=1769"},"modified":"2019-07-23T18:22:49","modified_gmt":"2019-07-23T18:22:49","slug":"2019-romeo-und-julia","status":"publish","type":"page","link":"https:\/\/burgspiele-test.net\/?page_id=1769","title":{"rendered":"2019 &#8211; Romeo und Julia"},"content":{"rendered":"\n<h6 class=\"wp-block-heading\" style=\"text-align:center\"><strong>Eine grandiose Premiere<\/strong><br><br><em>Altleininger Burgspieler zeigen modernisierten Klassiker <\/em><br><em>\u201eRomeo und Julia\u201c \u2013 Beachtenswerte Leistung<\/em> <br>Quelle: Rheinpfalz vom 18.06.2019 &#8211;  Anja Benndorf<\/h6>\n\n\n\n<p><\/p>\n\n\n\n<p>Eine Top-Leistung hat der Nachwuchs der Altleininger Burgspieler bei der Premiere des Shakespeare-Klassikers \u201eRomeo und Julia\u201c erbracht. Die Zehn- bis 18-J\u00e4hrigen standen den erfahrenen Mimen der 1980 gegr\u00fcndeten Theatergruppe in nichts nach. Vor ansprechender Kulisse, die mit Hilfe zweier K\u00fcnstler kreiert wurde, tauchten sie das Publikum im voll besetzten Saal in ein Wechselbad der Gef\u00fchle.<\/p>\n\n\n\n<figure class=\"wp-block-image\"><img loading=\"lazy\" decoding=\"async\" width=\"1024\" height=\"683\" src=\"https:\/\/burgspiele-test.net\/wp-content\/uploads\/2019\/07\/073-Kopie-1024x683.jpg\" alt=\"\" class=\"wp-image-1834\" srcset=\"https:\/\/burgspiele-test.net\/wp-content\/uploads\/2019\/07\/073-Kopie-1024x683.jpg 1024w, https:\/\/burgspiele-test.net\/wp-content\/uploads\/2019\/07\/073-Kopie-300x200.jpg 300w, https:\/\/burgspiele-test.net\/wp-content\/uploads\/2019\/07\/073-Kopie-768x512.jpg 768w, https:\/\/burgspiele-test.net\/wp-content\/uploads\/2019\/07\/073-Kopie-306x205.jpg 306w\" sizes=\"auto, (max-width: 1024px) 100vw, 1024px\" \/><\/figure>\n\n\n\n<p>Tief eingetaucht in ihre Rollen sind auch die beiden\nProtagonisten der ber\u00fchmten Liebesgeschichte, Charlotte Wagner und Josef\nSpielmann, deren Performance unbedingt hervorzuheben ist. Alle Emotionen von\nJulia Capulet und Romeo Montague wirken authentisch, der Zuschauer f\u00fchlt mit.\nEgal, ob Freude, vertr\u00e4umte Schw\u00e4rmerei, Verzweiflung, Entt\u00e4uschung \u2013 Gestik\nund Mimik sind stimmig bei der 18-j\u00e4hrigen Gr\u00fcnstadterin und dem 17-j\u00e4hrigen\nRamser, der bislang im Hintergrund f\u00fcr Licht und Ton gesorgt hatte und in\ndieser Saison sein B\u00fchnendeb\u00fct feiert.<\/p>\n\n\n\n<figure class=\"wp-block-image\"><img loading=\"lazy\" decoding=\"async\" width=\"1024\" height=\"683\" src=\"https:\/\/burgspiele-test.net\/wp-content\/uploads\/2019\/07\/172-Kopie-1024x683.jpg\" alt=\"\" class=\"wp-image-1806\" srcset=\"https:\/\/burgspiele-test.net\/wp-content\/uploads\/2019\/07\/172-Kopie-1024x683.jpg 1024w, https:\/\/burgspiele-test.net\/wp-content\/uploads\/2019\/07\/172-Kopie-300x200.jpg 300w, https:\/\/burgspiele-test.net\/wp-content\/uploads\/2019\/07\/172-Kopie-768x512.jpg 768w, https:\/\/burgspiele-test.net\/wp-content\/uploads\/2019\/07\/172-Kopie-306x205.jpg 306w\" sizes=\"auto, (max-width: 1024px) 100vw, 1024px\" \/><figcaption>Eine Liebe wie ein Blitzschlag: Romeo (Josef Spielmann) trifft Julia (Charlotte Wagner) beim Fest in ihrem Elternhaus<\/figcaption><\/figure>\n\n\n\n<p>\u201eGuck, da vorn! Die Montagues!\u201c, ruft ein M\u00e4dchen\naus dem Haus Capulet und kurz darauf stehen sich Jugendliche aus den zwei\nverfeindeten Familien in Verona gegen\u00fcber. Schwerter und F\u00e4uste werden\ngeschwungen. Der F\u00fcrst \u2013 alias Kyra Schilling, der die Rolle des weisen, nach\nau\u00dfen strengen Schlichters mit dem weichen Herz auf den Leib geschnitten\nscheint \u2013 geht dazwischen. Derweil teilt Lady Capulet (Anja G\u00f6\u00dfling) ihrer\nTochter Julia mit, dass der junge Graf Paris (Oliver Kesberger) um sie wirbt,\nund sie solle sich ihren Verehrer doch mal n\u00e4her anschauen. \u201eWenn ich deine\nHochzeit noch erleben darf!\u201c, sch\u00f6pft die Amme (ausgezeichnet: Ute Schmitt)\nHoffnung. In einem Redeschwall hat sie zuvor knapp 14 Jahre zur\u00fcckgeblickt, als\nsie Julia gestillt hat: \u201eDu warst das sch\u00f6nste Kind an meiner Brust.\u201c Julia\nverspricht: \u201eIch will schauen, ob sich Liebe durch Schauen l\u00e4sst erwecken.\u201c<\/p>\n\n\n\n<figure class=\"wp-block-image\"><img loading=\"lazy\" decoding=\"async\" width=\"1024\" height=\"683\" src=\"https:\/\/burgspiele-test.net\/wp-content\/uploads\/2019\/07\/115-Kopie-1-1024x683.jpg\" alt=\"\" class=\"wp-image-1832\" srcset=\"https:\/\/burgspiele-test.net\/wp-content\/uploads\/2019\/07\/115-Kopie-1-1024x683.jpg 1024w, https:\/\/burgspiele-test.net\/wp-content\/uploads\/2019\/07\/115-Kopie-1-300x200.jpg 300w, https:\/\/burgspiele-test.net\/wp-content\/uploads\/2019\/07\/115-Kopie-1-768x512.jpg 768w, https:\/\/burgspiele-test.net\/wp-content\/uploads\/2019\/07\/115-Kopie-1-306x205.jpg 306w\" sizes=\"auto, (max-width: 1024px) 100vw, 1024px\" \/><figcaption>Lady Capulet (Anja G\u00f6\u00dfling) erkl\u00e4rt Julia und der Amme (Ute Schmitt) &nbsp;die Hochzeitspl\u00e4ne<\/figcaption><\/figure>\n\n\n\n<p>Doch wie alle wissen, wird daraus nichts. Denn Romeo, der gerade Liebeskummer hat, wird von seinem Vetter Benvolio, alias Felix Decker, und Freund Mercutio \u2013 eine herausfordernde Rolle, die viel Witz in das St\u00fcck bringt und f\u00fcr die Leon Radmacher  viel schwierigen Text lernen musste \u2013 zu einem Maskenball der Capulets geschleppt. <\/p>\n\n\n\n<figure class=\"wp-block-image is-resized\"><img loading=\"lazy\" decoding=\"async\" src=\"https:\/\/burgspiele-test.net\/wp-content\/uploads\/2019\/07\/091-Kopie-683x1024.jpg\" alt=\"\" class=\"wp-image-1833\" width=\"349\" height=\"523\" srcset=\"https:\/\/burgspiele-test.net\/wp-content\/uploads\/2019\/07\/091-Kopie-683x1024.jpg 683w, https:\/\/burgspiele-test.net\/wp-content\/uploads\/2019\/07\/091-Kopie-200x300.jpg 200w, https:\/\/burgspiele-test.net\/wp-content\/uploads\/2019\/07\/091-Kopie-768x1152.jpg 768w\" sizes=\"auto, (max-width: 349px) 100vw, 349px\" \/><figcaption>Beste Freunde Romeos: Benvolio (Felix Decker) und Mercutio (Leon Radmacher)<\/figcaption><\/figure>\n\n\n\n<p>Als der Ungl\u00fcckliche etwas sagt, wird er von Livia anhand der Stimme als Mitglied der verhassten Montagues identifiziert. Die Figur, die im Original Tybalt hei\u00dft, wird verk\u00f6rpert von der 14-j\u00e4hrigen Marlene Wagner.  Ihr Ausbruch: \u201eIch kann f\u00fcr die ganze Familie sprechen: Den totzuschlagen w\u00e4re kein Verbrechen!\u201c f\u00fchrt f\u00fcr ihren Onkel (Alexander Maier) deutlich zu weit. <\/p>\n\n\n\n<figure class=\"wp-block-image\"><img loading=\"lazy\" decoding=\"async\" width=\"1024\" height=\"683\" src=\"https:\/\/burgspiele-test.net\/wp-content\/uploads\/2019\/07\/152-Kopie-1024x683.jpg\" alt=\"\" class=\"wp-image-1831\" srcset=\"https:\/\/burgspiele-test.net\/wp-content\/uploads\/2019\/07\/152-Kopie-1024x683.jpg 1024w, https:\/\/burgspiele-test.net\/wp-content\/uploads\/2019\/07\/152-Kopie-300x200.jpg 300w, https:\/\/burgspiele-test.net\/wp-content\/uploads\/2019\/07\/152-Kopie-768x512.jpg 768w, https:\/\/burgspiele-test.net\/wp-content\/uploads\/2019\/07\/152-Kopie-306x205.jpg 306w\" sizes=\"auto, (max-width: 1024px) 100vw, 1024px\" \/><figcaption>Capulet (Alexander Maier) im Streit mit Livia (Marlene Wagner)<\/figcaption><\/figure>\n\n\n\n<p>Auf Vers\u00f6hnung bedacht ist auch Pater Lorenzo\n(Martin Steinmetz), der die Schl\u00fcsselrolle in dem Drama spielt, das in\nAltleiningen in der modernen Version von Frank G\u00fcnther aufgef\u00fchrt wird. Von der\nheimlichen Hochzeit zwischen Julia und Romeo erhofft er sich den Ansto\u00df dazu,\nden Sippenhass in Liebe umzukehren. Bevor sich die Montagues und die Capulets\naber die H\u00e4nde reichen, muss noch sehr viel Schlimmes passieren: Mercutio,\nLivia, Paris, Romeo und Julia m\u00fcssen sterben. Aufgrund der ergreifenden\nDarstellung der Trag\u00f6die d\u00fcrfte der eine oder andere feuchte Augen bekommen\nhaben.<\/p>\n\n\n\n<figure class=\"wp-block-image\"><img loading=\"lazy\" decoding=\"async\" width=\"1024\" height=\"768\" src=\"https:\/\/burgspiele-test.net\/wp-content\/uploads\/2019\/07\/512-Kopie-1024x768.jpg\" alt=\"\" class=\"wp-image-1808\" srcset=\"https:\/\/burgspiele-test.net\/wp-content\/uploads\/2019\/07\/512-Kopie-1024x768.jpg 1024w, https:\/\/burgspiele-test.net\/wp-content\/uploads\/2019\/07\/512-Kopie-300x225.jpg 300w, https:\/\/burgspiele-test.net\/wp-content\/uploads\/2019\/07\/512-Kopie-768x576.jpg 768w\" sizes=\"auto, (max-width: 1024px) 100vw, 1024px\" \/><figcaption>Abschied in der Gruft<\/figcaption><\/figure>\n","protected":false},"excerpt":{"rendered":"<p>Eine grandiose Premiere Altleininger Burgspieler zeigen modernisierten Klassiker \u201eRomeo und Julia\u201c \u2013 Beachtenswerte Leistung Quelle: Rheinpfalz vom 18.06.2019 &#8211; Anja Benndorf Eine Top-Leistung hat der Nachwuchs der Altleininger Burgspieler bei der Premiere des Shakespeare-Klassikers \u201eRomeo und Julia\u201c erbracht. Die Zehn-&hellip; <\/p>\n","protected":false},"author":1,"featured_media":0,"parent":187,"menu_order":0,"comment_status":"closed","ping_status":"closed","template":"","meta":{"footnotes":""},"class_list":["post-1769","page","type-page","status-publish","hentry"],"_links":{"self":[{"href":"https:\/\/burgspiele-test.net\/index.php?rest_route=\/wp\/v2\/pages\/1769","targetHints":{"allow":["GET"]}}],"collection":[{"href":"https:\/\/burgspiele-test.net\/index.php?rest_route=\/wp\/v2\/pages"}],"about":[{"href":"https:\/\/burgspiele-test.net\/index.php?rest_route=\/wp\/v2\/types\/page"}],"author":[{"embeddable":true,"href":"https:\/\/burgspiele-test.net\/index.php?rest_route=\/wp\/v2\/users\/1"}],"replies":[{"embeddable":true,"href":"https:\/\/burgspiele-test.net\/index.php?rest_route=%2Fwp%2Fv2%2Fcomments&post=1769"}],"version-history":[{"count":13,"href":"https:\/\/burgspiele-test.net\/index.php?rest_route=\/wp\/v2\/pages\/1769\/revisions"}],"predecessor-version":[{"id":1840,"href":"https:\/\/burgspiele-test.net\/index.php?rest_route=\/wp\/v2\/pages\/1769\/revisions\/1840"}],"up":[{"embeddable":true,"href":"https:\/\/burgspiele-test.net\/index.php?rest_route=\/wp\/v2\/pages\/187"}],"wp:attachment":[{"href":"https:\/\/burgspiele-test.net\/index.php?rest_route=%2Fwp%2Fv2%2Fmedia&parent=1769"}],"curies":[{"name":"wp","href":"https:\/\/api.w.org\/{rel}","templated":true}]}}