{"id":1332,"date":"2018-02-10T16:54:18","date_gmt":"2018-02-10T16:54:18","guid":{"rendered":"http:\/\/burgspiele-altleiningen.net\/?page_id=1332"},"modified":"2018-02-10T16:54:18","modified_gmt":"2018-02-10T16:54:18","slug":"1984-liebe-macht-erfinderisch","status":"publish","type":"page","link":"https:\/\/burgspiele-test.net\/?page_id=1332","title":{"rendered":"1984 &#8211; Liebe macht erfinderisch"},"content":{"rendered":"<h3 style=\"text-align: center;\">&#8218;Liebe macht erfinderisch&#8216;<\/h3>\n<p style=\"text-align: center;\">\n<span class=\"style8\"><em>(Carlo Goldoni)<\/em> <\/span><\/p>\n<p>In dieser Posse hat Diener Pedro alle H\u00e4nde voll zu tun, bis am Schluss sechs gl\u00fcckliche Paare auf der B\u00fchne stehen &#8230;<\/p>\n<p><img loading=\"lazy\" decoding=\"async\" class=\"alignnone size-medium wp-image-398\" src=\"https:\/\/burgspiele-test.net\/wp-content\/uploads\/2017\/12\/liebe1-300x238.jpg\" alt=\"\" width=\"300\" height=\"238\" srcset=\"https:\/\/burgspiele-test.net\/wp-content\/uploads\/2017\/12\/liebe1-300x238.jpg 300w, https:\/\/burgspiele-test.net\/wp-content\/uploads\/2017\/12\/liebe1-340x270.jpg 340w, https:\/\/burgspiele-test.net\/wp-content\/uploads\/2017\/12\/liebe1.jpg 401w\" sizes=\"auto, (max-width: 300px) 100vw, 300px\" \/> <img loading=\"lazy\" decoding=\"async\" class=\"alignnone size-medium wp-image-397\" src=\"https:\/\/burgspiele-test.net\/wp-content\/uploads\/2017\/12\/liebe2-160x300.jpg\" alt=\"\" width=\"160\" height=\"300\" srcset=\"https:\/\/burgspiele-test.net\/wp-content\/uploads\/2017\/12\/liebe2-160x300.jpg 160w, https:\/\/burgspiele-test.net\/wp-content\/uploads\/2017\/12\/liebe2-144x270.jpg 144w, https:\/\/burgspiele-test.net\/wp-content\/uploads\/2017\/12\/liebe2.jpg 224w\" sizes=\"auto, (max-width: 160px) 100vw, 160px\" \/><\/p>\n<p><img loading=\"lazy\" decoding=\"async\" class=\"alignnone size-medium wp-image-393\" src=\"https:\/\/burgspiele-test.net\/wp-content\/uploads\/2017\/12\/liebeselixier2-160x300.jpg\" alt=\"\" width=\"160\" height=\"300\" srcset=\"https:\/\/burgspiele-test.net\/wp-content\/uploads\/2017\/12\/liebeselixier2-160x300.jpg 160w, https:\/\/burgspiele-test.net\/wp-content\/uploads\/2017\/12\/liebeselixier2-144x270.jpg 144w, https:\/\/burgspiele-test.net\/wp-content\/uploads\/2017\/12\/liebeselixier2.jpg 224w\" sizes=\"auto, (max-width: 160px) 100vw, 160px\" \/> <img loading=\"lazy\" decoding=\"async\" class=\"alignnone size-medium wp-image-392\" src=\"https:\/\/burgspiele-test.net\/wp-content\/uploads\/2017\/12\/liebeselixier1-216x300.jpg\" alt=\"\" width=\"216\" height=\"300\" srcset=\"https:\/\/burgspiele-test.net\/wp-content\/uploads\/2017\/12\/liebeselixier1-216x300.jpg 216w, https:\/\/burgspiele-test.net\/wp-content\/uploads\/2017\/12\/liebeselixier1-194x270.jpg 194w, https:\/\/burgspiele-test.net\/wp-content\/uploads\/2017\/12\/liebeselixier1.jpg 266w\" sizes=\"auto, (max-width: 216px) 100vw, 216px\" \/><\/p>\n","protected":false},"excerpt":{"rendered":"<p>&#8218;Liebe macht erfinderisch&#8216; (Carlo Goldoni) In dieser Posse hat Diener Pedro alle H\u00e4nde voll zu tun, bis am Schluss sechs gl\u00fcckliche Paare auf der B\u00fchne stehen &#8230;<\/p>\n","protected":false},"author":1,"featured_media":0,"parent":71,"menu_order":0,"comment_status":"closed","ping_status":"closed","template":"","meta":{"footnotes":""},"class_list":["post-1332","page","type-page","status-publish","hentry"],"_links":{"self":[{"href":"https:\/\/burgspiele-test.net\/index.php?rest_route=\/wp\/v2\/pages\/1332","targetHints":{"allow":["GET"]}}],"collection":[{"href":"https:\/\/burgspiele-test.net\/index.php?rest_route=\/wp\/v2\/pages"}],"about":[{"href":"https:\/\/burgspiele-test.net\/index.php?rest_route=\/wp\/v2\/types\/page"}],"author":[{"embeddable":true,"href":"https:\/\/burgspiele-test.net\/index.php?rest_route=\/wp\/v2\/users\/1"}],"replies":[{"embeddable":true,"href":"https:\/\/burgspiele-test.net\/index.php?rest_route=%2Fwp%2Fv2%2Fcomments&post=1332"}],"version-history":[{"count":1,"href":"https:\/\/burgspiele-test.net\/index.php?rest_route=\/wp\/v2\/pages\/1332\/revisions"}],"predecessor-version":[{"id":1333,"href":"https:\/\/burgspiele-test.net\/index.php?rest_route=\/wp\/v2\/pages\/1332\/revisions\/1333"}],"up":[{"embeddable":true,"href":"https:\/\/burgspiele-test.net\/index.php?rest_route=\/wp\/v2\/pages\/71"}],"wp:attachment":[{"href":"https:\/\/burgspiele-test.net\/index.php?rest_route=%2Fwp%2Fv2%2Fmedia&parent=1332"}],"curies":[{"name":"wp","href":"https:\/\/api.w.org\/{rel}","templated":true}]}}