{"id":1314,"date":"2018-02-10T16:59:13","date_gmt":"2018-02-10T16:59:13","guid":{"rendered":"http:\/\/burgspiele-altleiningen.net\/?page_id=1314"},"modified":"2018-02-10T17:13:57","modified_gmt":"2018-02-10T17:13:57","slug":"2005-menschliche-abgruende-im-orchestergraben","status":"publish","type":"page","link":"https:\/\/burgspiele-test.net\/?page_id=1314","title":{"rendered":"2005 &#8211; Menschliche Abgr\u00fcnde im Orchestergraben"},"content":{"rendered":"<h6 style=\"text-align: center;\"><em><strong>Menschliche Abgr\u00fcnde im Orchestergraben (Roland Happersberger)<\/strong><\/em><\/h6>\n<p>&nbsp;<\/p>\n<p style=\"text-align: center;\"><em>Quelle: Publikation DIE RHEINPFALZ Regionalausgabe, Unterhaardter Rundschau, Nr.264, Montag, den 14. November 2005<\/em><\/p>\n<p>&nbsp;<\/p>\n<h6 style=\"text-align: center;\">ALTLEININGEN: Gl\u00e4nzende Geburtstagsvorstellung: Die Altleininger Burgspiele spielen Anouilh &#8211; Ein bunter Abend mit Musik und Tanz<\/h6>\n<p>&nbsp;<\/p>\n<p>Es f\u00e4ngt recht harmlos an: Sieben Damen und ein Herr betreten die B\u00fchne eines nicht unbedingt erstklassigen Caf\u00e9hauses in einem franz\u00f6sischen Kurbad der 1950er Jahre, um das Publikum mit Salonmusik \u00e0 la &#8222;Liebesrausch auf Cuba&#8220; oder, patriotischer, &#8222;Kokarden und Hahnenruf&#8220; in Stimmung zu bringen. Zwischen den St\u00fccken oder auch w\u00e4hrend des routinierten Fiedelns tauscht man, pardon: frau Kochrezepte aus oder streitet \u00fcber Strickmuster. Und allm\u00e4hlich, w\u00e4hrend die Show immer notd\u00fcrftiger weitergeht, sch\u00e4len sich Liebesdramen aus den Dialogen und Geschichten von verlorenem Leben, beginnt Wahnsinn, aus den Ritzen der sch\u00e4bigen Alltagskulisse m\u00fchsam gespielter &#8222;Elegance und Fraulichkeit&#8220; hervorzubrechen.<\/p>\n<p>Jean Anouilhs Einakter &#8222;Das Orchester&#8220; erz\u00e4hlt diese Geschichten mit wirksam kalkulierter theatralischer \u00d6konomie. Der Text irisiert zwischen tragischem Ernst und grotesker Kom\u00f6die und \u00fcberl\u00e4sst es dem Regisseur, welchen Akzent er betont. Susanne Rechner lie\u00df den Zeiger Richtung Kom\u00f6die aussschlagen &#8211; angesichts der schauspielerischen Kr\u00e4fte, die ihr bei den Altleininger Burgspielen zur Verf\u00fcgung stehen, und des Anlasses zweifellos die richtige Entscheidung. Denn das &#8222;Orchester&#8220; war am Samstag und Sonntag im Theatersaal der Burg zugleich das Geburtstagsfest zum 25-j\u00e4hrigen Bestehen der Burgspiele, und da das St\u00fcck schon auf einer B\u00fchne spielt, war es leicht, das &#8222;Orchester&#8220; zum Teil eines unterhaltsamen bunten Abends mit Gesang, wirklichem Instrumentalspiel und Tanz zu machen.<\/p>\n<p>Anf\u00e4ngliche Bedenken, dieses Verfahren k\u00f6nnte Anouilhs St\u00fcck in Fragmente zersprengen, bewahrheiteten sich nicht, denn die Einlagen konzentrierten sich auf den Beginn, bildeten ein retardierendes Moment kurz vor Schluss und dann das Finale, so dass man die Zuspitzung der parallel gef\u00fchrten Episoden in zunehmender Spannung und durchweg achtbar bis vorz\u00fcglich gespielt erleben konnte.<\/p>\n<p>Die sieben Akteure gruppieren sich zu zwei Paaren und einen Trio.<\/p>\n<figure id=\"attachment_540\" aria-describedby=\"caption-attachment-540\" style=\"width: 300px\" class=\"wp-caption alignleft\"><img loading=\"lazy\" decoding=\"async\" class=\"wp-image-540 size-medium\" src=\"https:\/\/burgspiele-test.net\/wp-content\/uploads\/2017\/12\/gala-1-300x200.jpg\" alt=\"\" width=\"300\" height=\"200\" srcset=\"https:\/\/burgspiele-test.net\/wp-content\/uploads\/2017\/12\/gala-1-300x200.jpg 300w, https:\/\/burgspiele-test.net\/wp-content\/uploads\/2017\/12\/gala-1.jpg 340w\" sizes=\"auto, (max-width: 300px) 100vw, 300px\" \/><figcaption id=\"caption-attachment-540\" class=\"wp-caption-text\">Ute Schmidt (r.) und Antje Kluzik<\/figcaption><\/figure>\n<p>Ute Schmidt und Antje Kluzik, die einander eine ebenso komplexe wie ungl\u00fcckliche Liebeshandlung erz\u00e4hlen, grundieren gleichsam den Hintergrund und entsprachen den Anforderungen ihrer Rollen vorz\u00fcglich.<\/p>\n<figure id=\"attachment_538\" aria-describedby=\"caption-attachment-538\" style=\"width: 170px\" class=\"wp-caption alignright\"><img loading=\"lazy\" decoding=\"async\" class=\"size-medium wp-image-538\" src=\"https:\/\/burgspiele-test.net\/wp-content\/uploads\/2017\/12\/gala-13-170x300.jpg\" alt=\"\" width=\"170\" height=\"300\" srcset=\"https:\/\/burgspiele-test.net\/wp-content\/uploads\/2017\/12\/gala-13-170x300.jpg 170w, https:\/\/burgspiele-test.net\/wp-content\/uploads\/2017\/12\/gala-13-153x270.jpg 153w, https:\/\/burgspiele-test.net\/wp-content\/uploads\/2017\/12\/gala-13.jpg 340w\" sizes=\"auto, (max-width: 170px) 100vw, 170px\" \/><figcaption id=\"caption-attachment-538\" class=\"wp-caption-text\">Donja Reichert<\/figcaption><\/figure>\n<p>Kyra Schilling und Donja Reichert (r.) verk\u00f6rperten das Gegensatzpaar der alternden Jungfer und des jungen M\u00e4dchens, das seine erotischen Reize bedenkenlos ausspielt. Beide erwiesen sich als Idealbesetzungen.<\/p>\n<p>&nbsp;<\/p>\n<figure id=\"attachment_537\" aria-describedby=\"caption-attachment-537\" style=\"width: 200px\" class=\"wp-caption alignleft\"><img loading=\"lazy\" decoding=\"async\" class=\"wp-image-537 size-medium\" src=\"https:\/\/burgspiele-test.net\/wp-content\/uploads\/2017\/12\/gala-12-200x300.jpg\" alt=\"\" width=\"200\" height=\"300\" srcset=\"https:\/\/burgspiele-test.net\/wp-content\/uploads\/2017\/12\/gala-12-200x300.jpg 200w, https:\/\/burgspiele-test.net\/wp-content\/uploads\/2017\/12\/gala-12-180x270.jpg 180w, https:\/\/burgspiele-test.net\/wp-content\/uploads\/2017\/12\/gala-12.jpg 340w\" sizes=\"auto, (max-width: 200px) 100vw, 200px\" \/><figcaption id=\"caption-attachment-537\" class=\"wp-caption-text\">Kyra Schilling<\/figcaption><\/figure>\n<p>Schilling lie\u00df keine Gelegenheit aus, ihre Begabung zu komischem Grimassenspiel einzusetzen und gl\u00e4nzte besonders in der Szene, in der ihre Rollenfigur, sich f\u00fcr eine aufopferungsvolle Heilige haltend, freim\u00fctig erz\u00e4hlt, wie sadistisch sie ihre alte Mutter qu\u00e4lt.<\/p>\n<p>&nbsp;<\/p>\n<figure id=\"attachment_543\" aria-describedby=\"caption-attachment-543\" style=\"width: 300px\" class=\"wp-caption alignright\"><img loading=\"lazy\" decoding=\"async\" class=\"wp-image-543 size-medium\" src=\"https:\/\/burgspiele-test.net\/wp-content\/uploads\/2017\/12\/gala-4-300x221.jpg\" alt=\"\" width=\"300\" height=\"221\" srcset=\"https:\/\/burgspiele-test.net\/wp-content\/uploads\/2017\/12\/gala-4-300x221.jpg 300w, https:\/\/burgspiele-test.net\/wp-content\/uploads\/2017\/12\/gala-4.jpg 340w\" sizes=\"auto, (max-width: 300px) 100vw, 300px\" \/><figcaption id=\"caption-attachment-543\" class=\"wp-caption-text\">Anja G\u00f6\u00dfling, r., Gerlinde Rechner, l. und Martin Steinmetz<\/figcaption><\/figure>\n<p>Geradezu herrlich ist das Zusammenspiel des Trios: Martin Steinmetz ist der Pianist, der eine kranke Frau zu Hause hat, mit der Cellistin (Anja G\u00f6\u00dfling) liiert ist und von der Orchesterprinzipalin (Gerlinde Rechner) begehrt wird. Mit vergn\u00fcgter Grandezza gibt Gerlinde Rechner den alternden Vamp &#8211; &#8222;Ich hatte Dutzende M\u00e4nner&#8220; -, dessen Avancen erst dann verfangen, als er die m\u00fctterliche Masche ausspielt.<\/p>\n<p>&nbsp;<\/p>\n<p><img loading=\"lazy\" decoding=\"async\" class=\"size-medium wp-image-535 alignleft\" src=\"https:\/\/burgspiele-test.net\/wp-content\/uploads\/2017\/12\/gala-10-300x255.jpg\" alt=\"\" width=\"300\" height=\"255\" srcset=\"https:\/\/burgspiele-test.net\/wp-content\/uploads\/2017\/12\/gala-10-300x255.jpg 300w, https:\/\/burgspiele-test.net\/wp-content\/uploads\/2017\/12\/gala-10-318x270.jpg 318w, https:\/\/burgspiele-test.net\/wp-content\/uploads\/2017\/12\/gala-10.jpg 340w\" sizes=\"auto, (max-width: 300px) 100vw, 300px\" \/>Die Rolle des Pianisten verlangt die gr\u00f6\u00dfte darstellerische Bandbreite. Martin Steinmetz wird ihr ohne Einschr\u00e4nkung gerecht: Erst ist er \u00fcberlegen-lakonisch, dann das lebensunt\u00fcchtige Kind, das seinen Kopf an die Mutterbrust wirft, schlie\u00dflich entpuppt er sich als perverser Voyeur im Freibad, der sich Gr\u00f6\u00dfenwahnfantasien hingibt. All das verk\u00f6rpert er \u00fcberzeugend, komisch und tragisch zugleich.<\/p>\n<p><img loading=\"lazy\" decoding=\"async\" class=\"size-medium wp-image-546 aligncenter\" src=\"https:\/\/burgspiele-test.net\/wp-content\/uploads\/2017\/12\/gala-7-300x262.jpg\" alt=\"\" width=\"300\" height=\"262\" srcset=\"https:\/\/burgspiele-test.net\/wp-content\/uploads\/2017\/12\/gala-7-300x262.jpg 300w, https:\/\/burgspiele-test.net\/wp-content\/uploads\/2017\/12\/gala-7-309x270.jpg 309w, https:\/\/burgspiele-test.net\/wp-content\/uploads\/2017\/12\/gala-7.jpg 340w\" sizes=\"auto, (max-width: 300px) 100vw, 300px\" \/><\/p>\n<figure id=\"attachment_544\" aria-describedby=\"caption-attachment-544\" style=\"width: 220px\" class=\"wp-caption alignleft\"><img loading=\"lazy\" decoding=\"async\" class=\"wp-image-544 size-medium\" src=\"https:\/\/burgspiele-test.net\/wp-content\/uploads\/2017\/12\/gala-5-220x300.jpg\" alt=\"\" width=\"220\" height=\"300\" srcset=\"https:\/\/burgspiele-test.net\/wp-content\/uploads\/2017\/12\/gala-5-220x300.jpg 220w, https:\/\/burgspiele-test.net\/wp-content\/uploads\/2017\/12\/gala-5-198x270.jpg 198w, https:\/\/burgspiele-test.net\/wp-content\/uploads\/2017\/12\/gala-5.jpg 340w\" sizes=\"auto, (max-width: 220px) 100vw, 220px\" \/><figcaption id=\"caption-attachment-544\" class=\"wp-caption-text\">Anja G\u00f6\u00dfling<\/figcaption><\/figure>\n<p>Anja G\u00f6\u00dfling als Pianistin-Geliebte, zun\u00e4chst unauff\u00e4llig, steigert sich darstellerisch grandios zum Ende hin: Die geliebte Cellistin ertr\u00e4gt es nicht mehr, beim Pianisten immer nur die zweite Geige zu spielen, und setzt ihrem Leben &#8211; Knalleffekt zum Schluss &#8211; mit der Pistole ein Ende. But the Show must go on.<\/p>\n<figure id=\"attachment_548\" aria-describedby=\"caption-attachment-548\" style=\"width: 164px\" class=\"wp-caption alignright\"><img loading=\"lazy\" decoding=\"async\" class=\"wp-image-548 size-medium\" src=\"https:\/\/burgspiele-test.net\/wp-content\/uploads\/2017\/12\/gala-9-164x300.jpg\" alt=\"\" width=\"164\" height=\"300\" srcset=\"https:\/\/burgspiele-test.net\/wp-content\/uploads\/2017\/12\/gala-9-164x300.jpg 164w, https:\/\/burgspiele-test.net\/wp-content\/uploads\/2017\/12\/gala-9-148x270.jpg 148w, https:\/\/burgspiele-test.net\/wp-content\/uploads\/2017\/12\/gala-9.jpg 340w\" sizes=\"auto, (max-width: 164px) 100vw, 164px\" \/><figcaption id=\"caption-attachment-548\" class=\"wp-caption-text\">Alexander Maier<\/figcaption><\/figure>\n<p>Darum gruppieren sich vorz\u00fcgliche Einzelbeitr\u00e4ge, die Alexander Maier, zugleich Chef des Lokals, mit dem Theaterst\u00fcck verkn\u00fcpt.<\/p>\n<p><img loading=\"lazy\" decoding=\"async\" class=\"size-medium wp-image-536 alignleft\" src=\"https:\/\/burgspiele-test.net\/wp-content\/uploads\/2017\/12\/gala-11-300x121.jpg\" alt=\"\" width=\"300\" height=\"121\" srcset=\"https:\/\/burgspiele-test.net\/wp-content\/uploads\/2017\/12\/gala-11-300x121.jpg 300w, https:\/\/burgspiele-test.net\/wp-content\/uploads\/2017\/12\/gala-11.jpg 425w\" sizes=\"auto, (max-width: 300px) 100vw, 300px\" \/>Die Burgspieler selbst treten als Chor auf und singen beschwingt und klangsch\u00f6n gar nicht leichte Popsongs (wie &#8222;Only You&#8220;), auch eine verpoppte Gavotte von H\u00e4ndel.<\/p>\n<p>&nbsp;<\/p>\n<p>Die jungen T\u00e4nzerinnen des Tanzstudios Claudia Dauth, mit den Burgspielen vielfach verbunden, tragen drei einfallsreich choreografierte und ungemein exakt getanzte St\u00fccke bei: ein Augenschmaus in aufw\u00e4ndigen Kost\u00fcmen.<img loading=\"lazy\" decoding=\"async\" class=\"size-medium wp-image-547 aligncenter\" src=\"https:\/\/burgspiele-test.net\/wp-content\/uploads\/2017\/12\/gala-8-300x244.jpg\" alt=\"\" width=\"300\" height=\"244\" srcset=\"https:\/\/burgspiele-test.net\/wp-content\/uploads\/2017\/12\/gala-8-300x244.jpg 300w, https:\/\/burgspiele-test.net\/wp-content\/uploads\/2017\/12\/gala-8-333x270.jpg 333w, https:\/\/burgspiele-test.net\/wp-content\/uploads\/2017\/12\/gala-8.jpg 340w\" sizes=\"auto, (max-width: 300px) 100vw, 300px\" \/><\/p>\n<p>J\u00fcrgen Keth und Uwe Reis, schon oft auf der Burgspielb\u00fchne, spielen Gitarre und singen dazu.<\/p>\n<figure id=\"attachment_545\" aria-describedby=\"caption-attachment-545\" style=\"width: 300px\" class=\"wp-caption aligncenter\"><img loading=\"lazy\" decoding=\"async\" class=\"wp-image-545 size-medium\" src=\"https:\/\/burgspiele-test.net\/wp-content\/uploads\/2017\/12\/gala-6-300x200.jpg\" alt=\"\" width=\"300\" height=\"200\" srcset=\"https:\/\/burgspiele-test.net\/wp-content\/uploads\/2017\/12\/gala-6-300x200.jpg 300w, https:\/\/burgspiele-test.net\/wp-content\/uploads\/2017\/12\/gala-6.jpg 340w\" sizes=\"auto, (max-width: 300px) 100vw, 300px\" \/><figcaption id=\"caption-attachment-545\" class=\"wp-caption-text\">J\u00fcrgen Keth und Uwe Reis<\/figcaption><\/figure>\n<p>Und dann gibt es zwei vorz\u00fcgliche Gesangseinlagen:<\/p>\n<figure id=\"attachment_542\" aria-describedby=\"caption-attachment-542\" style=\"width: 300px\" class=\"wp-caption aligncenter\"><img loading=\"lazy\" decoding=\"async\" class=\"size-medium wp-image-542\" src=\"https:\/\/burgspiele-test.net\/wp-content\/uploads\/2017\/12\/gala-3-300x199.jpg\" alt=\"\" width=\"300\" height=\"199\" srcset=\"https:\/\/burgspiele-test.net\/wp-content\/uploads\/2017\/12\/gala-3-300x199.jpg 300w, https:\/\/burgspiele-test.net\/wp-content\/uploads\/2017\/12\/gala-3.jpg 340w\" sizes=\"auto, (max-width: 300px) 100vw, 300px\" \/><figcaption id=\"caption-attachment-542\" class=\"wp-caption-text\">Sarah Lewark singt aus dem Musical &#8222;Chicago&#8220; &#8230;<\/figcaption><\/figure>\n<figure id=\"attachment_541\" aria-describedby=\"caption-attachment-541\" style=\"width: 300px\" class=\"wp-caption aligncenter\"><img loading=\"lazy\" decoding=\"async\" class=\"size-medium wp-image-541\" src=\"https:\/\/burgspiele-test.net\/wp-content\/uploads\/2017\/12\/gala-2-300x208.jpg\" alt=\"\" width=\"300\" height=\"208\" srcset=\"https:\/\/burgspiele-test.net\/wp-content\/uploads\/2017\/12\/gala-2-300x208.jpg 300w, https:\/\/burgspiele-test.net\/wp-content\/uploads\/2017\/12\/gala-2.jpg 340w\" sizes=\"auto, (max-width: 300px) 100vw, 300px\" \/><figcaption id=\"caption-attachment-541\" class=\"wp-caption-text\">&#8230; und Veronika Wiedekind interpretiert gl\u00e4nzend ein Lied von Faur\u00e9 und eine Arie aus Gounods &#8222;Margarete&#8220;.<\/figcaption><\/figure>\n<p>&nbsp;<\/p>\n<p>Fazit: Ein in jeder Hinsicht gelungener, h\u00f6chst einfallsreicher und unterhaltsamer Abend.<\/p>\n<p><img loading=\"lazy\" decoding=\"async\" class=\"size-medium wp-image-539 aligncenter\" src=\"https:\/\/burgspiele-test.net\/wp-content\/uploads\/2017\/12\/gala-ssbild-300x120.jpg\" alt=\"\" width=\"300\" height=\"120\" srcset=\"https:\/\/burgspiele-test.net\/wp-content\/uploads\/2017\/12\/gala-ssbild-300x120.jpg 300w, https:\/\/burgspiele-test.net\/wp-content\/uploads\/2017\/12\/gala-ssbild-604x241.jpg 604w, https:\/\/burgspiele-test.net\/wp-content\/uploads\/2017\/12\/gala-ssbild.jpg 680w\" sizes=\"auto, (max-width: 300px) 100vw, 300px\" \/><\/p>\n","protected":false},"excerpt":{"rendered":"<p>Menschliche Abgr\u00fcnde im Orchestergraben (Roland Happersberger) &nbsp; Quelle: Publikation DIE RHEINPFALZ Regionalausgabe, Unterhaardter Rundschau, Nr.264, Montag, den 14. November 2005 &nbsp; ALTLEININGEN: Gl\u00e4nzende Geburtstagsvorstellung: Die Altleininger Burgspiele spielen Anouilh &#8211; Ein bunter Abend mit Musik und Tanz &nbsp; Es f\u00e4ngt&hellip; <\/p>\n","protected":false},"author":3,"featured_media":0,"parent":187,"menu_order":0,"comment_status":"closed","ping_status":"closed","template":"","meta":{"footnotes":""},"class_list":["post-1314","page","type-page","status-publish","hentry"],"_links":{"self":[{"href":"https:\/\/burgspiele-test.net\/index.php?rest_route=\/wp\/v2\/pages\/1314","targetHints":{"allow":["GET"]}}],"collection":[{"href":"https:\/\/burgspiele-test.net\/index.php?rest_route=\/wp\/v2\/pages"}],"about":[{"href":"https:\/\/burgspiele-test.net\/index.php?rest_route=\/wp\/v2\/types\/page"}],"author":[{"embeddable":true,"href":"https:\/\/burgspiele-test.net\/index.php?rest_route=\/wp\/v2\/users\/3"}],"replies":[{"embeddable":true,"href":"https:\/\/burgspiele-test.net\/index.php?rest_route=%2Fwp%2Fv2%2Fcomments&post=1314"}],"version-history":[{"count":11,"href":"https:\/\/burgspiele-test.net\/index.php?rest_route=\/wp\/v2\/pages\/1314\/revisions"}],"predecessor-version":[{"id":1355,"href":"https:\/\/burgspiele-test.net\/index.php?rest_route=\/wp\/v2\/pages\/1314\/revisions\/1355"}],"up":[{"embeddable":true,"href":"https:\/\/burgspiele-test.net\/index.php?rest_route=\/wp\/v2\/pages\/187"}],"wp:attachment":[{"href":"https:\/\/burgspiele-test.net\/index.php?rest_route=%2Fwp%2Fv2%2Fmedia&parent=1314"}],"curies":[{"name":"wp","href":"https:\/\/api.w.org\/{rel}","templated":true}]}}