{"id":1131,"date":"2018-02-10T14:48:49","date_gmt":"2018-02-10T14:48:49","guid":{"rendered":"http:\/\/burgspiele-altleiningen.net\/?page_id=1131"},"modified":"2018-02-10T14:54:39","modified_gmt":"2018-02-10T14:54:39","slug":"2007-die-bettleroper","status":"publish","type":"page","link":"https:\/\/burgspiele-test.net\/?page_id=1131","title":{"rendered":"2007 &#8211; Die Bettleroper"},"content":{"rendered":"<h3 style=\"text-align: center;\">&#8218;Die Bettleroper&#8216;<\/h3>\n<p style=\"text-align: center;\"><em>(<\/em><span class=\"style8\"><em>Farce in 7 Bildern frei nach John Gay)<\/em> <\/span><\/p>\n<p>Zum Inhalt:<\/p>\n<p>1728 in London uraufgef\u00fchrt, geh\u00f6rt &#8222;Die Bettleroper&#8220; von John Gay noch heute zu den popul\u00e4rsten St\u00fccken und ist \u2013 in vielen Bearbeitungen (u.a. Brechts &#8222;Dreigroschenoper&#8220;) \u2013 immer wieder auf den B\u00fchnen in aller Welt zu sehen:<\/p>\n<p>Macheath, ein stadtbekannter R\u00e4uber, hat heimlich Polly, die Tochter des Hehlers Peachum geheiratet. Dieser macht gemeinsame Gesch\u00e4fte mit Lockit, dem Gef\u00e4ngnisdirektor; dessen Tochter wiederum ein Kind von Macheath erwartet. Ein turbulenter Reigen durch die Londoner Unterwelt beginnt, im Verlauf dessen verhaftet und freigelassen, betrogen, geraubt, erpresst und sich wieder vers\u00f6hnt wird.<\/p>\n<p>\u00dcber 20 Diebe, Hehler und Huren beweisen, dass sich &#8222;Die Br\u00e4uche der Gangster kaum von denen der gro\u00dfen Welt&#8220; (J. Swift) unterscheiden.<\/p>\n<p>F\u00fcr das Publikum ist beste Unterhaltung garantiert, denn die Vergleiche der Unterwelt mit den sogenannten besseren Kreisen sind heute so aktuell wie damals.<\/p>\n<p>[huge_it_slider id=&#8220;9 &#8222;]<\/p>\n","protected":false},"excerpt":{"rendered":"<p>&#8218;Die Bettleroper&#8216; (Farce in 7 Bildern frei nach John Gay) Zum Inhalt: 1728 in London uraufgef\u00fchrt, geh\u00f6rt &#8222;Die Bettleroper&#8220; von John Gay noch heute zu den popul\u00e4rsten St\u00fccken und ist \u2013 in vielen Bearbeitungen (u.a. Brechts &#8222;Dreigroschenoper&#8220;) \u2013 immer wieder&hellip; <\/p>\n","protected":false},"author":1,"featured_media":0,"parent":71,"menu_order":0,"comment_status":"closed","ping_status":"closed","template":"","meta":{"footnotes":""},"class_list":["post-1131","page","type-page","status-publish","hentry"],"_links":{"self":[{"href":"https:\/\/burgspiele-test.net\/index.php?rest_route=\/wp\/v2\/pages\/1131","targetHints":{"allow":["GET"]}}],"collection":[{"href":"https:\/\/burgspiele-test.net\/index.php?rest_route=\/wp\/v2\/pages"}],"about":[{"href":"https:\/\/burgspiele-test.net\/index.php?rest_route=\/wp\/v2\/types\/page"}],"author":[{"embeddable":true,"href":"https:\/\/burgspiele-test.net\/index.php?rest_route=\/wp\/v2\/users\/1"}],"replies":[{"embeddable":true,"href":"https:\/\/burgspiele-test.net\/index.php?rest_route=%2Fwp%2Fv2%2Fcomments&post=1131"}],"version-history":[{"count":2,"href":"https:\/\/burgspiele-test.net\/index.php?rest_route=\/wp\/v2\/pages\/1131\/revisions"}],"predecessor-version":[{"id":1138,"href":"https:\/\/burgspiele-test.net\/index.php?rest_route=\/wp\/v2\/pages\/1131\/revisions\/1138"}],"up":[{"embeddable":true,"href":"https:\/\/burgspiele-test.net\/index.php?rest_route=\/wp\/v2\/pages\/71"}],"wp:attachment":[{"href":"https:\/\/burgspiele-test.net\/index.php?rest_route=%2Fwp%2Fv2%2Fmedia&parent=1131"}],"curies":[{"name":"wp","href":"https:\/\/api.w.org\/{rel}","templated":true}]}}